 2. Determine k(-2).
2
Let w(n) = 0 - n - 2 - 3. Suppose 0 = 3*r - r. What is w(r)?
-5
Let i(a) = 4*a - 1. Suppose n - 1 + 9 = 0. Let z(w) = w**3 + 9*w**2 + 8*w + 1. Let y be z(n). Give i(y).
3
Suppose -18 = -y - 2*y. Let c(x) = y*x**2 - 4*x**2 + 4*x + 0*x**2. What is c(-3)?
6
Let i(m) = 3*m. Let d be 2/(-14) - 20/7. What is i(d)?
-9
Let p(g) be the first derivative of -g**5/120 - g**4/12 + 2*g**3 - 4. Let n(y) be the third derivative of p(y). Determine n(6).
-8
Let q be (-4)/(-14) + 252/147. Let u(o) = 2*o**2 + o - 1. Let i be u(1). Let s(y) = -2*y**2 + y**2 - i*y**2 + 2. Determine s(q).
-10
Let k(o) be the third derivative of o**5/12 + o**4/24 - o**3/6 + o**2. Suppose u - 4 = 0, -h + u - 32 = -5*h. Let m = h - 6. What is k(m)?
5
Let w be 2/3 - (-250)/3. Let v be 2/(-11) - w/22. Let b = -6 - v. Let f(h) = -h**2 - h. What is f(b)?
-2
Let m(a) = -a**3 + 3*a. Suppose -3*g + 5*h - 32 = g, 5*g - 4*h = -31. Give m(g).
18
Let p(f) = f**3 - f**2 - f - 1. Let a(j) = -2*j**3 + j**2 + 2*j. Let v(m) = a(m) + p(m). Let x be v(1). Let d(c) = 2*c**2 - c. What is d(x)?
3
Let w(x) be the third derivative of x**4/8 - x**3/2 - 11*x**2. Calculate w(6).
15
Let w(u) = u**2 - 18*u + 49. Let v be w(15). Let n(o) = o - 3. What is n(v)?
1
Suppose -4*d - 12 = 0, 2*q + 3*q - 4*d - 17 = 0. Suppose q + 11 = -3*n. Let z(p) be the second derivative of p**4/12 + p**3/2 - 5*p**2/2 + 37*p. Calculate z(n).
-1
Let s(l) = -l**3 + 7*l**2 - l + 5. Let a be s(7). Let c(p) = -p**3 - 3*p**2 - 2*p - 1. Calculate c(a).
-1
Let b(m) = 2*m**2 - m + 4*m**2 + 1 - 5*m**2. Suppose 5*h - 25 = -0*h. Suppose 3*x - 8 = 4*d, 0 = d - h*x + 10 + 9. Give b(d).
1
Let b(d) = -16*d**2 - 4*d - 4. Let c(t) = -3*t**2 - t - 1. Let r(a) = 2*b(a) - 11*c(a). Determine r(-4).
7
Suppose -12*g + 9*g = -45. Suppose s - g = -4*s. Suppose -9 = -s*x + 3. Let p(z) = -2*z + 3. What is p(x)?
-5
Let p(x) = 5*x**2 + 3*x**3 - 4*x**3 - 6*x + 1 + 0. Let b be 16/(-6)*27/(-6). Suppose s + 4 = -3*o + o, 0 = 3*o + b. Determine p(s).
-7
Suppose -3*p + 61 = 4. Suppose 5 + p = 4*n. Suppose -4*b - 18 = -n. Let r(u) = -u**3 - 3*u**2 - 1. Give r(b).
-1
Let m(c) = 2*c**2 + 5*c - 4*c**3 + 3*c**3 - 4*c - 3. Suppose 3*b - 33 = -8*b. Calculate m(b).
-9
Let x be (7/(-14))/(2/(-8)). Let l be 5/x*(-8)/(-5). Let b(j) = 0*j**2 + 6*j**2 + l + 6*j - 5*j**2. Calculate b(-5).
-1
Let y(w) be the first derivative of w**4/12 - 2*w**3/3 + 5*w**2/2 - 3*w - 3. Let s(p) be the first derivative of y(p). Calculate s(4).
5
Let h = 42 - 38. Let j(z) = -z**3 + 3*z**2 + 4*z - 1. Calculate j(h).
-1
Let s(w) be the second derivative of 0 + 5*w - 1/12*w**4 + 1/2*w**3 + 3/2*w**2. What is s(4)?
-1
Suppose 0 = -2*s - 2 + 2. Let a(x) be the third derivative of -1/24*x**4 + 0 - x**2 + s*x + 0*x**3. Calculate a(-3).
3
Let f(d) be the first derivative of -d**4/4 - 5*d**3/3 - 3*d**2/2 - 5*d - 2. Let r(t) = t**2 - 6*t - 4. Let w be r(6). Determine f(w).
-9
Let r(u) be the third derivative of 2*u**5/15 - u**4/24 - u**2 + u. Give r(-1).
9
Let v = 80 - 74. Let r(j) = -3*j + 1. Calculate r(v).
-17
Let c(w) = 3*w + 6. Let a(p) = -p + 1. Let t(m) = -3*a(m) + c(m). Give t(-2).
-9
Let q(s) = -20*s**2 + 32*s + 15. Suppose -45 = -5*n - 5. Suppose -9 = -w + n. Let d(x) = -7*x**2 + 11*x + 5. Let v(u) = w*d(u) - 6*q(u). Calculate v(5).
-5
Suppose 4*u - 5 = 5*u. Let r(i) = -i**3 - 5*i**2 - i + 1. Determine r(u).
6
Let r(q) = q - 1. Let p be 3/5 - 15/25. Suppose p*b - 15 = 3*b, -b + 27 = 2*i. Suppose 2*y - i + 5 = w, 3*y = 15. What is r(w)?
-2
Let k be -10 - -1 - 30/(-10). Let t(d) = d**3 + 5*d**2 - 6*d. What is t(k)?
0
Let j(a) = -a. Suppose 1 = -m - 0*m - 4*b, -4*m - 4*b - 16 = 0. Calculate j(m).
5
Let w(h) = h**2 - 10*h - 9. Suppose -p = m - 5, -p - p = 5*m - 40. What is w(m)?
-9
Let q(g) = g**3 + g**2 - 2*g - 1. Let s(k) = k**2 + 13*k + 2. Let o be s(-13). Give q(o).
7
Let a(r) = r**3 - r**2 - 3*r + 3. Let t(f) = 4*f**2 + 2*f - 2. Let q be t(-2). Suppose 5*w - 4*n - 10 = 0, 5*w + 4*n = -0*n + q. Give a(w).
1
Let j = 28 + -26. Let o(t) be the first derivative of 2*t**3/3 - t**2/2 + 2*t - 1. Give o(j).
8
Suppose -3*l = -0*l - 2*y - 7, -4*y = 3*l - 13. Let n(o) = 13*o**2 + 15*o**2 - o**3 - 25*o**2. Determine n(l).
0
Suppose 5*v - 104 = -3*v. Let a(k) = k**3 - 12*k**2 - 13*k - 6. Calculate a(v).
-6
Let f be 5/(75/(-6))*-10. Suppose -37 = -4*n - 5*z, n + 3*z - 6 = f*n. Suppose -w + 0*w - n = 0. Let b(m) = -m**3 - 4*m**2 - m + 1. What is b(w)?
-5
Let m(h) = -h**3 + h**2 - h + 4. Suppose -4*z + 1 = 5*g, -5*g - 31 = -3*z - z. Let t be (-3)/(g - 0) - 1. What is m(t)?
4
Let j(g) = g + 1. Let l(y) = -6*y + 45. Let v be l(8). What is j(v)?
-2
Let c(j) = j - 6. Let g = 4 - 4. Suppose g = -14*y + 17*y. Calculate c(y).
-6
Let b(a) = -a. Let x(r) = -5*r + 4. Let d(g) = -6*b(g) + x(g). Give d(-7).
-3
Let v(i) = -12*i + 1. Let f(g) = -2*g - 1. Let m(b) = 5*f(b) - v(b). What is m(5)?
4
Let f = -4 - -5. Let s(v) = 3*v**2 + v - 1. Determine s(f).
3
Let f(q) = -q**2 - 8*q - 4. Let z be (55/(-22))/(2/4). Give f(z).
11
Suppose -81 = 2*i + i. Let c be (-9)/i - 26/6. Let r(w) = w + 4. Give r(c).
0
Let m(u) be the second derivative of u**5/20 - 5*u**4/12 + u**3 - u**2/2 - 6*u. What is m(4)?
7
Let z(c) = 2*c**2 + 3*c. Let y be z(-2). Let h(n) = 0*n + 3 - y*n - 3 - 2. Determine h(-2).
2
Let a be 4/10 + -2 + (-16)/(-10). Let z(g) be the third derivative of -5/6*g**3 + a + 3*g**2 + 1/8*g**4 + 0*g + 1/60*g**5. What is z(-4)?
-1
Suppose -3*z - 5 = -4*z. Let i(p) = 15*p - 18*p - p**2 + 7 + 8*p + 0*p**2. Give i(z).
7
Let k(o) = 10*o**3 + 5*o**2 + 9*o + 8. Let m(g) = -7*g**3 - 3*g**2 - 6*g - 5. Let w(q) = 5*k(q) + 7*m(q). Suppose 5 = -x + 1. Calculate w(x).
-7
Suppose -2*j + 1 = -13. Let d(z) = 2*z**2 - z + 41. Let k(l) = -l**2 + l - 19. Let m(y) = -6*d(y) - 13*k(y). Calculate m(j).
1
Let x(r) = 4*r + 3*r**3 + 0*r**2 + 3*r**2 - 2*r**3 + 3*r**2 - 3. Calculate x(-5).
2
Let k(a) be the third derivative of -a**5/60 + a**4/2 + 5*a**3/2 - a**2. Let p = 11 - -2. Let n be k(p). Let w(f) = 2*f**2 - f - 1. What is w(n)?
5
Let w(r) = r + 1. Suppose -u - 12 = -5*u. Suppose 4*h = -16, 7*v = u*v - 4*h + 4. Give w(v).
6
Suppose 5*y + 18 = f + 2, -5*y - 28 = 2*f. Let b(i) = -i**3 - 2*i**2 + 4*i + 1. Let a(z) = -z**3 - 3*z**2 + 4*z + 1. Let h(d) = f*a(d) + 5*b(d). Determine h(3).
4
Let q(d) = d**2 - 13. Suppose 5*n + 4 + 26 = 5*y, 4*y - 22 = 3*n. Suppose -y*j = -5*j. Calculate q(j).
-13
Suppose 0 = g - 3. Let k(j) = -j + 3*j + 0*j - g. Calculate k(3).
3
Let o(n) = n**3 - 5*n**2 + 3*n + 3. Suppose -2*d = -0*d. Let h be 1/3*(9 - d). What is o(h)?
-6
Let o = -3 + 5. Suppose 3*r - 8 = 4*r + 3*i, -4*i - 10 = o*r. Let y(l) = -4*l**3 - 2*l + 1. What is y(r)?
-5
Let g(b) = -4 + 4*b**2 + b**3 + 4*b**2 - 4*b**2. Calculate g(-4).
-4
Let k(s) = -s - 6. Let x be k(-7). Let w(i) = -10*i + 1. What is w(x)?
-9
Let f(k) = -4*k + 1. Let b be -8 - -9 - (-1 + 12). Let x = -2 - b. Suppose 3*l + 0*l + 3*m + 15 = 0, 2*m + x = -l. What is f(l)?
9
Let o(w) = w**2 + w - 1. Let d = 1 + 2. Let i be (d/6)/1*8. Suppose i*c = -4 - 8. Calculate o(c).
5
Let v(k) be the third derivative of k**7/420 - k**5/60 + k**4/24 - k**3 + 6*k**2. Let f(z) be the first derivative of v(z). Calculate f(1).
1
Let m be -1*(3 - (-3 - -11)). Let f(i) = 1 - 14*i + 28*i - 15*i. What is f(m)?
-4
Let f(i) be the second derivative of -i**5/20 - i**4/2 - 5*i**3/6 + i**2/2 - 19*i. What is f(-5)?
1
Suppose 4*j + 20 = 0, -p - 2*j + 3*j = -7. Let b(x) = 0*x + 7*x**2 + x**3 - 5 - 10*x**2 + 0 - p*x. Determine b(4).
3
Let n = 3 - 1. Suppose 4*g - n = -14. Let h(r) = r**2 + 4*r + 4. Determine h(g).
1
Let k(t) = -t**3 + 6*t**2 + 8*t + 1. Suppose 3*w - w - 2 = 0, 3*z = -4*w + 25. Give k(z).
8
Let h(m) = 5*m**2 + 4*m**2 + 3 - 20*m + 22*m - 4. Give h(1).
10
Let y(g) = g**2 + 2*g - 1. Let q be y(-2). Let h = q + 2. Let j(o) be the third derivative of o**5/12 + o**4/12 - o**3/6 + o**2. Determine j(h).
6
Let k(s) be the second derivative of -s**5/20 - 7*s**4/12 - 4*s**3/3 - 4*s**2 + 7*s. Let i be -1*2/((-4)/2). Let z be (-6)/i + 1 + -1. What is k(z)?
4
Let d(t) = 1. Let s(w) = -2*w + 11. Let h(i) = -2*d(i) - s(i). Determine h(10).
7
Let x(p) = 5 + 6 - p**3 - 9*p + 0*p**2 + 9*p**2. Let v be x(8). Suppose -3*r = -2*r + v. Let y(h) = 2*h - 1. Give y(r).
-7
Let r be 11/3 - (-4)/(-6). Let k(d) = -4*d**3 - 1 +